Let w = -8 + 5. Let t(p) = w*l(p) + 4*o(p). Give t(4).
6
Suppose -4*a + 6 = 2*l + 2, -4*a - 8 = -4*l. Let s be (4 - 1) + 1*-1. Let g(c) = s*c + 5*c**2 - 3*c - 4*c**2 + 1. Determine g(a).
1
Let q(s) be the third derivative of s**7/280 - s**6/720 - s**5/120 - s**4/8 - 3*s**2. Let v(z) be the second derivative of q(z). Give v(-1).
9
Suppose 7*x = 4*x + 3. Let d(q) = -6*q**2 - q + 1. Calculate d(x).
-6
Suppose -17*l + 16*l = -7. Let z(w) = w**3 - 8*w**2 + 7*w + 9. What is z(l)?
9
Let p(i) = i**2 - 14*i + 36. Let s be p(11). Let d(k) = -k**3 + 3*k**2 - 3*k - 2. What is d(s)?
-11
Let r(s) be the second derivative of 0*s**4 + 0 + 1/2*s**2 - 1/6*s**3 - 1/4*s**5 + 4*s. What is r(1)?
-5
Let w(p) = -p**2 - 2*p + 2. Let i be w(-2). Let s(y) = -y**i + 2*y - 2*y**2 - 3*y**3 + 4*y**3 + 2 + 0*y**2. Give s(2).
2
Let b(c) = c**3 - c**2 - c - 1. Let i be b(0). Let n(p) = -p + 50 - 50 - 5*p. What is n(i)?
6
Suppose 3 = 12*a - 15*a. Let f(v) be the third derivative of -v**5/60 + v**3/6 + v**2. What is f(a)?
0
Let f(y) = -y**2 + y - 2. Suppose 4*k = 3*l + 6, -l = 5*k - 16 - 1. Give f(l).
-4
Let b = 8 - 13. Let i(c) be the first derivative of 1/3*c**3 + 1 + 3/2*c**2 - 5*c. Determine i(b).
5
Let q(r) be the second derivative of -r**3/6 + 9*r**2/2 + 7*r. Give q(6).
3
Let s(m) = m + 8. Let u be 330/(-50) + 3/5. Determine s(u).
2
Let g be (3 - (7 + -3)) + -1. Let w(y) = 9*y**2 - 5. Let r = -4 - 3. Let t(k) = 13*k**2 - 7. Let l(n) = r*w(n) + 5*t(n). Calculate l(g).
8
Let d(s) = 2*s**2 - 2. Let n(y) = -3*y - 2. Let h be n(2). Let i = 5 + h. Let m be i*(12/9)/2. Determine d(m).
6
Let z = 5 + 5. Let u be (-4)/18 - z/(-45). Let y(p) = -13*p**2 - 13*p + 8. Let q(b) = -7*b**2 - 7*b + 4. Let c(k) = 11*q(k) - 6*y(k). Determine c(u).
-4
Let o(b) = -7*b**2 - b - 3. Let a(w) = -6*w**2 - w - 2. Let d(h) = 6*a(h) - 5*o(h). Let q = -8 + 8. Determine d(q).
3
Suppose 4*b - 9 = 7. Let a(d) = 4 - 4 - 3*d + b*d + 6. Calculate a(-7).
-1
Let m(f) = f**3 - 6*f**2 + 2*f + 6. Let l be 207/45 - (0 + (-2)/5). What is m(l)?
-9
Let a(n) be the third derivative of n**5/60 - 7*n**4/24 + n**3/3 + 23*n**2. Determine a(4).
-10
Let d(u) = -2*u + 3. Let s be -4*(5/(-10) + 0). Give d(s).
-1
Let b(h) = -h**2 - 4*h + 7. Suppose -9 = -4*u - 33. Determine b(u).
-5
Let j(z) = 3*z - 4*z + z**2 - 5 - 2*z. Determine j(4).
-1
Let g(z) = z + 4. Suppose 0 = -2*x + 10, 2*r + 3*x - 24 = -x. Suppose -13 = -5*i + 2. Suppose 2*j = r, 3*m + i*j = 6*m + 18. Give g(m).
-1
Let c(p) be the first derivative of -p**3/3 - 2*p**2 + 2*p + 17. What is c(-4)?
2
Let c(l) = -21 + 4 + 13 + 2*l. Give c(3).
2
Suppose w = 3 + 3. Suppose w*u = 9*u. Let d(i) be the third derivative of i**4/24 - 2*i**3/3 - i**2. Give d(u).
-4
Let h(k) = k**3 + 5*k**2 - 5*k + 10. Let g be h(-6). Let p(w) = 2*w - 1. Calculate p(g).
7
Let o(w) = -w**2 - 5*w + 3. Let l be o(-6). Let p be (16/(-6) - -3)*l. Let d(m) = 3*m**2 + 1. What is d(p)?
4
Let f = -95/2 - -48. Let w(z) be the second derivative of 0 + f*z**2 - 1/20*z**5 + z + 1/12*z**4 - 1/6*z**3. Determine w(1).
0
Let x(w) = -4*w + 77. Let q be x(18). Let t(j) = j**3 - 5*j**2 - j + 4. Calculate t(q).
-1
Let i(m) = -4*m - 14*m**2 + 4*m + 3 + 13*m**2. Give i(-4).
-13
Let l(a) be the third derivative of -a**4/12 - 5*a**3/6 - 2*a**2. Let r = 20 + -34. Let y = 9 + r. Determine l(y).
5
Let n(r) = r**3 + 2*r**2 - r. Let i = -205 + 202. Give n(i).
-6
Suppose d + 16 = -4*m, -4*d + 3*m + 18 + 13 = 0. Let k(v) be the third derivative of 0 + 0*v + 1/6*v**3 + 0*v**d + v**2 - 1/40*v**6 + 0*v**5. Determine k(-1).
4
Let q(b) be the third derivative of 23*b**5/60 - b**4/24 + 24*b**2. Calculate q(-1).
24
Let l(q) = 2*q - 9*q + 5*q. Determine l(2).
-4
Let t(g) be the third derivative of g**2 + 1/8*g**4 + 1/6*g**3 + 0 + 0*g. Determine t(1).
4
Let o(g) = 2*g - 6. Let c be (1 + 1 - 4) + (-2 - 3). Give o(c).
-20
Let h(o) = -o + 138*o**3 - 276*o**3 - o**2 + 139*o**3. What is h(0)?
0
Suppose -3*c + 12 = 3. Suppose -2*x - 4*z = -14, c - 7 = -2*x + z. Let d(y) = -4*y + 2. What is d(x)?
-10
Let r(m) = 7*m**2 - 3*m - 7. Let k be ((-1)/(-3))/((-4)/(-12)). Let o(g) = -4*g + k - 2 - 7 + 8*g**2. Let b(i) = -6*o(i) + 7*r(i). Determine b(2).
9
Let l(b) = -5*b**2 + 10*b + 8. Let a(s) = 11*s**2 - 21*s - 17. Let x(p) = -4*a(p) - 9*l(p). Determine x(5).
-9
Let p(r) = r**2 - r - 4. Let a(x) = -x**2 - 2*x - 4. Let z(s) = 2*s**2 + 5*s + 8. Let i(l) = -5*a(l) - 2*z(l). Let v be i(0). Give p(v).
8
Suppose 5*a - 21 - 3 = 3*m, 12 = 2*a - 2*m. Let d = -2 - a. Let j(w) = -3*w + 3. Let r(q) = -q - 1. Let u(i) = -j(i) + 4*r(i). What is u(d)?
-2
Let j(k) = k**2 - 7*k + 6. Let o = 0 - 0. Let q be ((-10)/2)/(o - 1). Give j(q).
-4
Let a(c) = -2*c**3 + 2 - c**2 - 4*c**3 + 5*c**3 - 5*c**2. What is a(-6)?
2
Let x = 16 - 3. Let q = -8 + x. Let v(c) = c + 6 - 3 - 2*c. Determine v(q).
-2
Let j(c) be the second derivative of c**3/6 - c**2 + 6*c. Determine j(-3).
-5
Let f(q) = 4*q + 7 - 3*q + 3. Suppose -5*r = -2*r - h - 3, 2*h = -r - 6. Calculate f(r).
10
Suppose 0 = 19*l - 17*l - 10. Let c(p) be the first derivative of -1 - 4/3*p**3 - p**2 - l*p - 1/4*p**4. Calculate c(-4).
3
Let u(i) = i - 4. Let a be u(4). Let d(m) = -13*m. Let p be d(-2). Let z(f) = -2 + 0*f**3 + f**3 - 27*f**2 + p*f**2. Give z(a).
-2
Let q(p) = p**2 + p + 14. Let l(t) = 1. Let d(g) = 2*l(g) - q(g). Give d(0).
-12
Let p(q) be the second derivative of q**5/60 + q**4/12 + q**3/6 - 3*q**2/2 + 4*q. Let h(y) be the first derivative of p(y). Give h(-2).
1
Let v(d) = -d**3 + 3*d - 1. Let p = -45 - -47. Calculate v(p).
-3
Suppose 4*o + 0*l = 3*l - 9, 50 = -5*o - 4*l. Let m(x) = x - 4 - 3*x - 5. Determine m(o).
3
Let j(b) = b**2 - 5*b - 8. Let x be (-2750)/(-130) + (-2)/13. Suppose -5*c - 16 - x = -2*r, -3*c + 9 = 4*r. Give j(r).
-2
Suppose 2*a = -4, 3*a + 26 - 5 = 3*u. Let s(p) be the third derivative of p**4/12 - p**3 + 4*p**2. What is s(u)?
4
Let p(x) = 5 + 3*x**3 - 4*x**3 - 22 - 4*x**2 + 13 - 3*x. Suppose -4*s = 2*g + 10, 4*s - 5*s + g = 4. Let b = s - 1. Give p(b).
8
Let u be -10*((-15)/(-6))/(-5). Let t(r) = 37 - 44 - 5*r**2 + u*r + 0*r**3 - r**3. Calculate t(-6).
-1
Let x(w) = -4*w**2 - 4*w - 1 - 5 - w**3 + 0*w**2 + 3. Give x(-2).
-3
Let d be 4/(-7) + (-22)/(-14) + 0. Let t(z) = -z. Give t(d).
-1
Let j(x) be the first derivative of x**2/2 - 7*x - 7. Calculate j(3).
-4
Let c(z) be the third derivative of -z**6/30 + z**5/60 + z**4/24 - 2*z**2. Calculate c(-1).
4
Let f = 8 + -2. Let b be (-12)/(-18) + 32/f. Suppose -a + 1 = b. Let t(w) = -w**3 - 5*w**2 - w + 3. Determine t(a).
8
Let i(z) be the third derivative of z**6/120 + z**4/24 + z**3/3 - 7*z**2. Suppose -5*w + d = 6, 5*d + 20 = -4*w + 2*d. What is i(w)?
-8
Let a(m) = -m**2 + 12*m - 11. Let p(i) = -i + 1. Let k(r) = -a(r) - 6*p(r). Determine k(5).
0
Let g be -1 - (4 + -2)/(-1). Let j(m) be the first derivative of -1/2*m**2 + 2*m - g. What is j(-4)?
6
Let y(o) = 3 + 4*o - o - 4 + 5*o. Give y(1).
7
Let w be (-60)/(-9) + 2/(-3). Let n(b) = 256 + 6*b - 256 + b**3 - 7*b**2. Give n(w).
0
Let j(p) = -p. Let v be -4*(0 + 1)/1. Determine j(v).
4
Let z(n) = -4 + 3 - 5*n + 0*n**2 - n**2 + 6. Suppose f - 5*f - 88 = 0. Let i be (-4)/f + (-340)/55. Give z(i).
-1
Suppose 4*h = -5*l + 4, -4*l + l = h - 8. Let t = -6 + 9. Let k(x) = -t*x**2 + x**3 - 4*x - 2*x + 4*x. What is k(l)?
8
Let v(l) be the third derivative of l**4/12 + 2*l**3/3 + 11*l**2. Calculate v(-3).
-2
Suppose 2*a - 12 = -2*a. Let p = -8 + 8. Let m(s) = 3 + p - 3 - 2 + 2*s. What is m(a)?
4
Let v(y) = -y**2 - 4*y - 2. Suppose 0 = 4*m - 16, -84 = -4*l - 4*m - m. Let b = l + -19. What is v(b)?
1
Let u(g) be the second derivative of g**4/8 - g**3/6 - 3*g**2 + 3*g. Let k(j) be the first derivative of u(j). Calculate k(-1).
-4
Let i(c) = -c**3 + 4*c**2 + 5*c + 2. Let f be i(5). Let z(k) = -1 - f*k - 3 + 6 - 3. Determine z(3).
-7
Suppose 3*r - v + 4*v = 18, 0 = 2*r - 3*v + 13. Let x(o) be the second derivative of -o**4/3 - o**3/6 + 2*o. Determine x(r).
-5
Let o(q) be the third derivative of -1/120*q**6 - 1/24*q**4 + 0 - 5*q**2 - 1/60*q**5 + 0*q - 2/3*q**3. Calculate o(0).
-4
Let u(a) = -5*a**3 + 4*a**2 - 3*a. Let t be (-39)/(3*-1) - -2. Let n(c) = -c - 9*c + 11*c**2 - t*c**3 + 2*c. Let w(i) = -4*n(i) + 11*u(i). Give w(-1).
-4
Let o(i) = -2 + 5 - i**2 - 7 - 2 - 9*i. What is o(-6)?
12
Let w(m) = -3*m - 2.